25))/2 - (-4 - 189/(-35)). Let c(a) = -8*a - 27. Calculate c(i).
29
Suppose -18*n = -85 - 23. Let x be ((-8)/n)/(3 + 70/(-30)). Let p(z) = -z**3 - 2*z**2 - z + 1. Give p(x).
3
Let b be (-186)/66 + 4/(-22). Let h = -19 - -21. Let j(f) = -3*f**2 - f**h + 2*f**2 + 1 - 3*f + f**2. Determine j(b).
1
Let g(h) = 6*h - 24. Let d = 16789 - 16784. Determine g(d).
6
Let a be (-2)/24 + (-2)/(-24). Let f(l) = -2*l**3 - l**2 - 2. Determine f(a).
-2
Let w(h) = -11*h + 26. Let s = -7386 + 7399. Determine w(s).
-117
Let h(v) = 9*v**3 - 5*v**2 + 18*v - 96. Let n(c) = 20*c**3 - 12*c**2 + 41*c - 194. Let s(d) = -9*h(d) + 4*n(d). What is s(0)?
88
Let x be (-123)/41 + (-2)/12*-19. Let l(d) be the second derivative of 15*d - 1/20*d**5 + 1/4*d**4 + 0 + x*d**3 - d**2. Give l(2).
4
Let t(g) = -g**3 + 7*g**2 - 6*g - 5. Suppose 28 = 5*j - l, 3*j + 3*l + 10 = 16. What is t(j)?
15
Let o(c) = 6*c**2 + 4*c**2 - 6*c - 24*c**2 + 8*c**2 + 4*c**2 + 5. Determine o(-4).
-3
Suppose 41*q - 21*q = 40. Let m(b) = 439*b**2 - 216*b**2 - q - 5 - 222*b**2 - b. What is m(-6)?
35
Let h be -3 + (-16)/128*8. Let q(p) = 9*p - 3. Give q(h).
-39
Let q(o) be the first derivative of 1/8*o**4 - 1/40*o**5 + 0*o + 0*o**2 + 6 - 1/360*o**6 + 7/3*o**3. Let c(v) be the third derivative of q(v). Give c(-4).
-1
Let w(k) = 46*k**3 + 10*k**2 + 52*k + 14. Let m(n) = 108*n**3 + 20*n**2 + 106*n + 29. Let x(t) = -3*m(t) + 7*w(t). Calculate x(8).
-5
Suppose 0*c = -c, -61 = f + 4*c. Let i = f - -92. Let r(u) = 6*u + i - 16 - 14 - u. Determine r(-1).
-4
Let u(z) = 13 - 40*z**2 + 160*z**2 - 39*z**2 - 36*z**2 - 5*z - 44*z**2. What is u(3)?
7
Let c be (-152)/190*(-5)/(-2). Let p(f) be the third derivative of -f**5/60 + f**4/12 + 2*f**3/3 - 2*f**2. Calculate p(c).
-4
Suppose -n = b - 6, 0 = 104*b - 99*b + 3*n - 22. Let j(a) = -a**3 - 25 - 7*a**2 + a**2 + 6*a + 6*a**2 + a**b - 7*a. Let v = -4 + 4. Give j(v).
-25
Suppose -2 = -2*c - 5*j, 3*j = 2*c - c - 12. Let r(z) = -5 - 25 - 3*z + c + 14*z - z**2. Let a be r(7). Let v(y) = 2*y - 1. Determine v(a).
7
Let x(h) = h**2 - 12*h + 4. Suppose 7*z = 5*z + 4*l + 180, 0 = -4*z - l + 378. Suppose 52*i - z = 530. Calculate x(i).
4
Let u be (30/(-12))/(10/(-8)). Suppose j + 3*f = 13, -j + 3 = -4*f + u*f. Let c(z) = 2*z - 8*z - 7 + 15*z - z**2. Determine c(j).
7
Let t(f) = 3*f**3 + f**2 + f + 1. Let j(o) = 2653*o - 2653*o - 2*o**3. Let r(b) = 5*j(b) + t(b). Calculate r(-1).
8
Suppose -141 = 5*i - 3*s - 139, -8 = 2*i - 3*s. Let y(g) be the second derivative of 0 - 25*g - 2/3*g**3 - 3/2*g**i. Determine y(5).
-23
Let p(h) be the second derivative of h**3/6 - 9*h**2/2 - 5*h. Let l = -16614 + 16623. What is p(l)?
0
Let x(g) = -16*g + 66. Let i(m) = -11*m - 733. Let y be i(-67). Give x(y).
2
Let o(y) be the third derivative of -y**6/120 - 7*y**5/60 - 5*y**4/24 + y**2. Let v(x) = -x**3 - 16*x**2 + 112*x - 444. Let u be v(-22). Calculate o(u).
-28
Let h(b) = 10*b + 16. Let d(n) = -2*n**3 - 10*n**2 - 58*n - 294. Let a be d(-5). Determine h(a).
-24
Let i(n) = 3*n + 2*n + 4*n - 90 + 3*n. Let m be i(8). Let y(z) = -z**3 + 6*z**2 + 2*z - 10. Determine y(m).
2
Let d = 13515 + -13518. Let k(b) = 25*b + 17. Give k(d).
-58
Suppose 4*b - 89*v - 56 = -85*v, 26 = b - 5*v. Let g(d) = d**2 - 14*d + 20. What is g(b)?
-13
Let h(k) = 12*k + 4. Let p = -18 - -25. Suppose -p*l + 4*x + 4 = -3*l, 0 = 2*l + x + 10. Determine h(l).
-32
Let t(r) = 5*r + 1. Let w(s) = s**3 + 4*s**2 - 7*s - 7. Let o(q) = 12*q**2 + 1. Let v be o(-1). Let j = -18 + v. Let d be w(j). Calculate t(d).
16
Let t be 1 + 20/(-110)*(-22)/4. Let g(n) be the first derivative of -7 - 2*n**t + 1/4*n**4 - 4/3*n**3 - 3*n. What is g(5)?
2
Suppose -9 - 7 = 2*a. Let o(t) be the first derivative of 2*t**3/3 + 13*t**2/2 + 11*t + 672. Give o(a).
35
Let t(v) = v**2 + 26*v - 30. Let q = -33443 - -33416. What is t(q)?
-3
Let k = -179 - -184. Let x(w) be the third derivative of -w**5/60 + w**4/6 + w**3/3 + 25*w**2 + 3*w. Calculate x(k).
-3
Let d(y) be the second derivative of y**3/6 + 51*y**2/2 - 6247*y. Calculate d(-9).
42
Let k(z) = -176 - 166 - 167 - z + 690 - 174. Suppose -i = 1 - 8. Suppose -3*m + 2*m + i = 0. Determine k(m).
0
Let v(p) = 32*p + 8. Let b = -7049 + 7051. Give v(b).
72
Let m(b) be the first derivative of -b**3/3 + 9*b**2/2 - 4*b - 2. Let h be -4 + 11 + (-1 - 2). Suppose h = -i + 8. Calculate m(i).
16
Let w(a) = 5*a + 5*a + 13 + a - 2*a - a**2 + 4*a. Calculate w(14).
-1
Let c be (4368/9)/(-8) - (-2)/3. Let f be 10*((-10)/c - (-13)/30). Let v(z) = -3*z + 12. What is v(f)?
-6
Let d(b) = b**3 - b**2 - b - 1. Suppose 4*x - 12 = -2*x. Let g(s) = -5 + 6*s**3 + 1 - s**x + s**2 - 7*s - 5*s**2. Let o(f) = 5*d(f) - g(f). Calculate o(1).
0
Let b(w) = -5*w**2 - 5*w - 2. Let k be (483/322)/(6/(-8)). Calculate b(k).
-12
Suppose 3*k - 3 - 12 = -4*a, 0 = -2*k + 4*a + 10. Let j(l) = 1604*l**2 - l**3 - 6441*l**2 + 10 + 1612*l**2 + 3*l + 1619*l**2 + 1610*l**2. Give j(k).
0
Let x(d) = -d**3 - 8*d**2 - d + 4. Let t(s) = -2*s**2 - 24*s + 23. Let y be (364/140)/((-1)/5). Let h be t(y). Calculate x(h).
-38
Let t(p) = -p**3 + 3*p**2 + p. Let c be t(3). Let f(v) = 0*v**2 + v**2 - 52 + 0*v**2 + 22 + 26 + v. What is f(c)?
8
Let v(t) = 7*t**2 - t. Let l(g) = 6*g**2. Suppose -d = 1 - 6. Let j(n) = d*v(n) - 6*l(n). Let f be 12/(-18) - 120/36. Determine j(f).
4
Let u(z) be the first derivative of 2*z**3/3 + z**2/2 - 2*z - 555. Suppose 8 = -3*y + p, -2*y - 5*p = -3 - 3. What is u(y)?
4
Suppose -5*s + 1 = 3*d, -d - s = -2*s - 3. Let q(m) = 1184*m - d*m**2 - 15*m**3 - m**3 - 1183*m. Calculate q(1).
-17
Let l(x) = -527*x**3 + 559 + 528*x**3 - 19*x**2 + 18*x - 562. What is l(18)?
-3
Let p = -118 + 120. Let i(f) = 3*f + p*f + 0*f + 3. Give i(-3).
-12
Let s(p) be the first derivative of p**4/2 + 7*p**3/3 - 9*p**2 - 5*p - 853. Calculate s(-5).
10
Let f(p) = 1. Let y(x) = -3 + 34 + 2*x - 25. Let w(n) = -2*f(n) + y(n). Give w(3).
10
Let n(i) = -i**2 - i - 3. Let a(m) = 2*m**2 + m + 6. Let l(y) = -2*a(y) - 5*n(y). Let r = 486461 - 486464. Give l(r).
3
Let u(y) = 16 + 4*y - y + 5*y + 0*y - 3*y. What is u(10)?
66
Let g(v) = 4*v - 1. Let j(w) be the first derivative of w**4/4 + 7*w**3/3 + 4*w**2 + 9*w - 9. Let p be j(-6). Let m be 1/((p/(-6))/((-3)/(-2))). Give g(m).
11
Let u(w) = -1125 - 817 + 2716 - 1091 + 32*w. Give u(10).
3
Let m(d) = -d**3 - 10*d**2 - 8*d + 4. Let a be 8/(-16)*(3 - 25 - 0). Suppose 9 = 10*o - a*o. Calculate m(o).
-5
Let z(h) = 6*h**2 + 10*h + h**3 - 5*h - 3*h - 8 - 9*h - 2*h. Calculate z(-8).
-64
Let v(c) = c - 2. Let s be 0 + 0 + (-3)/9*-33. Suppose -s*i - 95 + 7 = 0. Give v(i).
-10
Let t(f) be the first derivative of f**3/3 - 7*f**2/2 + 10*f - 24. Suppose -j + 20 = -2*l, 5*j + 5*l = -1 + 11. What is t(j)?
18
Let v(t) = t**3 - 2*t**2 + 2*t - 2. Let z be v(2). Let y(j) = -4*j - 15 + 5*j + 0*j + 14. Calculate y(z).
1
Suppose -5*m + 6 = -4*m. Let d(q) = 4*q**2 + 10*q - 4. Let a(i) = -3*i**2 - 9*i + 3. Let l = -750 - -757. Let j(f) = l*a(f) + m*d(f). What is j(-2)?
15
Let z = -4 - -8. Suppose -2*i = 2*k - 8, -2*k - z = 4*i - 3*k. Let n(f) = 3929*f - 11876*f + 3985*f + 3963*f + 5. Calculate n(i).
5
Let u(g) = 3*g**3 - 11*g**2 + 6*g - 5. Let t(b) = 4*b**2 - 3*b + 1. Let p(i) = -3*t(i) - u(i). Calculate p(-3).
65
Let f(i) = 35*i**2 - 489*i - 11. Let a be f(14). Let t(m) = -9*m**2 - 4*m. Determine t(a).
-93
Suppose -2*r + 4*b - 28 = 3*r, 4*r + 5*b + 6 = 0. Let k(o) = 3*o + 4. Let u(n) = -n**2 - n. Let j = 73 + -71. Let m(w) = j*u(w) - k(w). Determine m(r).
-16
Let c = 58 + -64. Let v(x) = -x**3 + 11*x**2 + 14*x - 10. Let u(z) = -z**2 - z + 1. Let d(f) = c*u(f) - v(f). Let s = 42 + -36. Determine d(s).
-8
Let k(a) be the first derivative of -2*a**3/3 + 3*a**2/2 + a + 321. Give k(7).
-76
Let h = -3222 + 3223. Let m(i) = 3*i**3 - i. Calculate m(h).
2
Let o(r) = -r**3 + 2261*r**2 - 8 - 10*r - 4532*r**2 + 2259*r**2. Calculate o(-11).
-19
Let r be (635/381)/(41/18 + -2). Let o(i) be the third derivative of 1/24*i**4 - 1/120*i**r - 1/60*i**5 + 0*i + 0 + 12*i**2 - i**3. Give o(0).
-6
Let s(d) be the first derivative of d**4/4 + 16*d**3/3 - 8*d**2 + 18*d + 3994. What is s(-17)?
1
Suppose 256 = -14*p + 155 + 199. Let m(n) = 11*n - 68. Calculate m(p).
9
Let j be 924/5 + 12/60. Suppose -7*i + j = 220. Let b(w) be the first derivative of w**4/4 + 2*w**3 + 3*w**2 + 6*w + 1. What